{"id":11209,"date":"2026-04-14T10:00:53","date_gmt":"2026-04-14T10:00:53","guid":{"rendered":"https:\/\/concepcion.de\/?post_type=product&#038;p=11209"},"modified":"2026-04-15T09:09:20","modified_gmt":"2026-04-15T09:09:20","slug":"wohl-denen-die","status":"publish","type":"product","link":"https:\/\/concepcion.de\/index.php\/produkt\/wohl-denen-die\/","title":{"rendered":"Wohl denen, die &#8230;"},"content":{"rendered":"<p><strong>Wohl denen, die \u2026<\/strong><\/p>\n<p>Was tr\u00e4gt im Leben wirklich? Was schenkt Halt, wenn Fragen dr\u00e4ngen, Wege unklar werden und das Herz nach Sinn sucht?<br \/>\nPsalm 119, der l\u00e4ngste Psalm der Bibel, ist eine leidenschaftliche Liebeserkl\u00e4rung an Gottes Wort.<br \/>\nIn 176 Versen entfaltet sich ein Gebet, das nicht m\u00fcde wird, von Vertrauen, Sehnsucht, Freude und Standhaftigkeit zu sprechen. Dieses Impulsbuch nimmt die Leserinnen und Leser mit auf eine Entdeckungsreise durch jeden einzelnen Vers \u2013 behutsam, alltagsnah und geistlich tiefgehend.<br \/>\nIn 176 Gedanken zeigt Thomas Huth, wie Gottes Weisungen nicht einengen, sondern befreien.<br \/>\nWie sie Orientierung schenken in W\u00fcstenzeiten.<br \/>\nWie sie tr\u00f6sten, st\u00e4rken und ermutigen.<br \/>\nUnd wie sie Schritt f\u00fcr Schritt zu einem Leben f\u00fchren, das von Hoffnung, Dankbarkeit und innerer Festigkeit gepr\u00e4gt ist.<br \/>\nDieses Buch l\u00e4dt ein, Gottes Wort neu zu buchstabieren \u2013 als pers\u00f6nliches \u201eLebens-ABC\u201c.<br \/>\nWer sich darauf einl\u00e4sst, wird entdecken: Gl\u00fcck w\u00e4chst dort, wo Gottes Wort im Herzen Wurzeln schl\u00e4gt.<br \/>\nEin Andachtsbuch f\u00fcr alle, die sich nach einem glaubw\u00fcrdigen, erf\u00fcllten und von Gott getragenen Leben sehnen.<\/p>\n","protected":false},"excerpt":{"rendered":"<p>Wohl denen, die \u2026 Was tr\u00e4gt im Leben wirklich? Was schenkt Halt, wenn Fragen dr\u00e4ngen, Wege unklar werden und das Herz nach Sinn sucht? Psalm 119, der l\u00e4ngste Psalm der Bibel, ist eine leidenschaftliche Liebeserkl\u00e4rung an Gottes Wort. In 176 Versen entfaltet sich ein Gebet, das nicht m\u00fcde wird, von Vertrauen, Sehnsucht, Freude und Standhaftigkeit zu sprechen. Dieses Impulsbuch nimmt die Leserinnen und Leser mit auf eine Entdeckungsreise durch jeden einzelnen Vers \u2013 behutsam, alltagsnah und geistlich tiefgehend. In 176 Gedanken zeigt Thomas Huth, wie Gottes Weisungen nicht einengen, sondern befreien. Wie sie Orientierung schenken in W\u00fcstenzeiten. Wie sie tr\u00f6sten, st\u00e4rken und ermutigen. Und wie sie Schritt f\u00fcr Schritt zu einem Leben f\u00fchren, das von Hoffnung, Dankbarkeit und innerer Festigkeit gepr\u00e4gt ist. Dieses Buch l\u00e4dt ein, Gottes Wort neu zu buchstabieren \u2013 als pers\u00f6nliches \u201eLebens-ABC\u201c. Wer sich darauf einl\u00e4sst, wird entdecken: Gl\u00fcck w\u00e4chst dort, wo Gottes Wort im Herzen Wurzeln schl\u00e4gt. Ein Andachtsbuch f\u00fcr alle, die sich nach einem glaubw\u00fcrdigen, erf\u00fcllten und von Gott getragenen Leben sehnen.<\/p>\n","protected":false},"featured_media":11211,"template":"","meta":[],"product_brand":[],"product_cat":[42,15],"product_tag":[],"class_list":{"0":"post-11209","1":"product","2":"type-product","3":"status-publish","4":"has-post-thumbnail","6":"product_cat-allgemeines","7":"product_cat-concepcion-seidel-ohg","8":"product_shipping_class-buecher-bis-2kg","10":"first","11":"instock","12":"shipping-taxable","13":"purchasable","14":"product-type-simple"},"acf":[],"_links":{"self":[{"href":"https:\/\/concepcion.de\/index.php\/wp-json\/wp\/v2\/product\/11209","targetHints":{"allow":["GET"]}}],"collection":[{"href":"https:\/\/concepcion.de\/index.php\/wp-json\/wp\/v2\/product"}],"about":[{"href":"https:\/\/concepcion.de\/index.php\/wp-json\/wp\/v2\/types\/product"}],"wp:featuredmedia":[{"embeddable":true,"href":"https:\/\/concepcion.de\/index.php\/wp-json\/wp\/v2\/media\/11211"}],"wp:attachment":[{"href":"https:\/\/concepcion.de\/index.php\/wp-json\/wp\/v2\/media?parent=11209"}],"wp:term":[{"taxonomy":"product_brand","embeddable":true,"href":"https:\/\/concepcion.de\/index.php\/wp-json\/wp\/v2\/product_brand?post=11209"},{"taxonomy":"product_cat","embeddable":true,"href":"https:\/\/concepcion.de\/index.php\/wp-json\/wp\/v2\/product_cat?post=11209"},{"taxonomy":"product_tag","embeddable":true,"href":"https:\/\/concepcion.de\/index.php\/wp-json\/wp\/v2\/product_tag?post=11209"}],"curies":[{"name":"wp","href":"https:\/\/api.w.org\/{rel}","templated":true}]}}