{"id":11048,"date":"2024-12-02T16:52:37","date_gmt":"2024-12-02T16:52:37","guid":{"rendered":"https:\/\/concepcion.de\/?post_type=product&#038;p=11048"},"modified":"2026-01-09T13:09:10","modified_gmt":"2026-01-09T13:09:10","slug":"backen-im-vogtland","status":"publish","type":"product","link":"https:\/\/concepcion.de\/index.php\/produkt\/backen-im-vogtland\/","title":{"rendered":"Backen im Vogtland"},"content":{"rendered":"<p>Backen im Vogtland &#8211; stellt eine Auswahl traditioneller wie auch moderner vogtl\u00e4ndischer Backrezepte vor. Hauswirtschaftssch\u00fclerinnen der vogtl\u00e4ndischen Berufsschulen haben die Rezepte zusammengetragen, aufgeschrieben und ausprobiert. Sie stammen teilweise aus m\u00fcndlichen \u00dcberlieferungen von Eltern, Gro\u00dfeltern, Freunden und Bekannten.<\/p>\n","protected":false},"excerpt":{"rendered":"<p>Backen im Vogtland &#8211; stellt eine Auswahl traditioneller wie auch moderner vogtl\u00e4ndischer Backrezepte vor. Hauswirtschaftssch\u00fclerinnen der vogtl\u00e4ndischen Berufsschulen haben die Rezepte zusammengetragen, aufgeschrieben und ausprobiert. Sie stammen teilweise aus m\u00fcndlichen \u00dcberlieferungen von Eltern, Gro\u00dfeltern, Freunden und Bekannten.<\/p>\n","protected":false},"featured_media":11049,"template":"","meta":[],"product_brand":[],"product_cat":[15,20,24],"product_tag":[],"class_list":{"0":"post-11048","1":"product","2":"type-product","3":"status-publish","4":"has-post-thumbnail","6":"product_cat-concepcion-seidel-ohg","7":"product_cat-einherzfuersvogtland","8":"product_cat-vogtlandverlag","9":"product_shipping_class-buecher-bis-2kg","11":"first","12":"instock","13":"shipping-taxable","14":"purchasable","15":"product-type-simple"},"acf":[],"_links":{"self":[{"href":"https:\/\/concepcion.de\/index.php\/wp-json\/wp\/v2\/product\/11048","targetHints":{"allow":["GET"]}}],"collection":[{"href":"https:\/\/concepcion.de\/index.php\/wp-json\/wp\/v2\/product"}],"about":[{"href":"https:\/\/concepcion.de\/index.php\/wp-json\/wp\/v2\/types\/product"}],"wp:featuredmedia":[{"embeddable":true,"href":"https:\/\/concepcion.de\/index.php\/wp-json\/wp\/v2\/media\/11049"}],"wp:attachment":[{"href":"https:\/\/concepcion.de\/index.php\/wp-json\/wp\/v2\/media?parent=11048"}],"wp:term":[{"taxonomy":"product_brand","embeddable":true,"href":"https:\/\/concepcion.de\/index.php\/wp-json\/wp\/v2\/product_brand?post=11048"},{"taxonomy":"product_cat","embeddable":true,"href":"https:\/\/concepcion.de\/index.php\/wp-json\/wp\/v2\/product_cat?post=11048"},{"taxonomy":"product_tag","embeddable":true,"href":"https:\/\/concepcion.de\/index.php\/wp-json\/wp\/v2\/product_tag?post=11048"}],"curies":[{"name":"wp","href":"https:\/\/api.w.org\/{rel}","templated":true}]}}