{"id":10930,"date":"2025-10-07T12:10:36","date_gmt":"2025-10-07T12:10:36","guid":{"rendered":"https:\/\/concepcion.de\/?post_type=product&#038;p=10930"},"modified":"2026-01-08T09:32:01","modified_gmt":"2026-01-08T09:32:01","slug":"winterduft-auf-dem-schwarzwaldhof","status":"publish","type":"product","link":"https:\/\/concepcion.de\/index.php\/produkt\/winterduft-auf-dem-schwarzwaldhof\/","title":{"rendered":"Winterduft auf dem Schwarzwaldhof"},"content":{"rendered":"<p>Schon ihr ganzes Leben lang wohnt Renate auf dem Schwarzwaldhof ihrer Vorfahren und genie\u00dft die N\u00e4he zu ihrer Tochter Annette mit Familie im eigenen Heim gegen\u00fcber.<br \/>\nWenn da nur nicht der griesgr\u00e4mige Nachbar w\u00e4re, der ihnen das Leben immer wieder schwer macht! Und ausgerechnet in seinem Garten geigt jemand eine Melodie, die au\u00dfer Renate und Annette eigentlich niemand kennen kann.<br \/>\nAls kurz darauf in Omas Geige eine r\u00e4tselhafte Botschaft entdeckt wird, bahnt sich die Enth\u00fcllung eines streng geh\u00fcteten Geheimnisses aus der Vergangenheit an. Und auf einmal bekommt der von Oma 1945 gestickte Bibelvers in der kleinen Bauernstube eine ungeahnte Bedeutung f\u00fcr die Familie. Doch wird die Wahrheit jemals ans Licht kommen?<\/p>\n<p>Warmherzige Geschichte einer liebenswerten Familie im Schwarzwald.<\/p>\n","protected":false},"excerpt":{"rendered":"<p><em><strong>Rezension zum Buch:<\/strong><\/em><br \/>\n<strong> \u2605\u2605\u2605\u2605\u2605<br \/>\n5 von 5 Sternen <\/strong><br \/>\n<em>von Dorothee:<\/em><br \/>\nIch muss gestehen, ich konnte mit Lesen fast nicht mehr aufh\u00f6ren, und so oft kamen mir auch ein paar Tr\u00e4nen! \ud83d\ude2d<br \/>\nIn so vielem habe ich genau meine Mama geh\u00f6rt. Also ich muss sagen, das Buch ist Elke Ottensmann wirklich gelungen!! \u2b50\ufe0f<br \/>\nIch finde, sie hat alles so wunderbar vereint bekommen. Es ist f\u00fcr jeden was dabei! Von der Jugendsprache  (die ich auch zum Gl\u00fcck von meiner Tochter Vanessa kenne), \u00fcber die Arbeit und das Leben auf dem Bauernhof bis zum Evangelium, das durch die ganze Geschichte miteinbezogen wird! Die Autorin bringt es so nat\u00fcrlich und doch in so einfacher verst\u00e4ndlicher Weise immer wieder im Buch vor! Das ist so wertvoll!<br \/>\nAlso ich bin wirklich begeistert!! \ud83d\udc4d\ud83d\udc4d<\/p>\n<p><strong> \u2605\u2605\u2605\u2605\u2605<br \/>\n5 von 5 Sternen &#8211; ein absolut lesenswertes und wertvolles Buch<\/strong><br \/>\n<em>von Eva-Maria Aepfler:<\/em><br \/>\nElke Ottensmann nimmt den Leser mit in das Leben auf dem Schwarzwaldhof. Von der ersten Seite an, taucht man in das Leben dort mit ein und wird fast ein Teil davon.<br \/>\nSehr anschaulich, mit viel Liebe zum Detail, nimmt die Autorin den Leser mit in den Alltag der Familie. Von Anfang an entsteht die Spannung um das Familiengeheimnis.Trotzdem wird ein starker Spannungsbogen aufgebaut. Ich konnte mit Lesen zwischendurch nicht aufh\u00f6ren. Dabei ist die ganze Geschichte wunderbar lebensnah und real. Immer wieder flie\u00dfen Teile ein, die zeigen wie viel besser das Leben zu meistern ist, wenn man sich auf Jesus verl\u00e4sst. Immer wieder gibt es Situationen, in denen sich die meisten Menschen \u00e4rgern w\u00fcrden oder sauer reagieren und am liebsten mit gleicher M\u00fcnze heimzahlen w\u00fcrden. Elke Ottensmann verweist dabei aber immer wieder auf Jesus und die Bibel und l\u00e4sst die entsprechenden Bibelstellen in einem sehr nat\u00fcrlichen Gespr\u00e4ch einflie\u00dfen.<br \/>\nDie ganze Geschichte, die eine doch sehr \u00fcberraschende Aufl\u00f6sung findet, ist \u00e4u\u00dferst feinf\u00fchlig mit richtig guten Lebenstipps gespickt, ohne im Geringsten religi\u00f6s-besserwisserisch zu wirken.<br \/>\nEin absolut empfehlenswertes Buch, das man auch vor dem Schlafen noch gut lesen kann, da es einem jede Menge gute Gedanken mit in den Schlaf gibt.<\/p>\n","protected":false},"featured_media":10931,"template":"","meta":[],"product_brand":[],"product_cat":[42,15],"product_tag":[],"class_list":{"0":"post-10930","1":"product","2":"type-product","3":"status-publish","4":"has-post-thumbnail","6":"product_cat-allgemeines","7":"product_cat-concepcion-seidel-ohg","8":"product_shipping_class-buecher-bis-2kg","10":"first","11":"instock","12":"shipping-taxable","13":"purchasable","14":"product-type-simple"},"acf":[],"_links":{"self":[{"href":"https:\/\/concepcion.de\/index.php\/wp-json\/wp\/v2\/product\/10930","targetHints":{"allow":["GET"]}}],"collection":[{"href":"https:\/\/concepcion.de\/index.php\/wp-json\/wp\/v2\/product"}],"about":[{"href":"https:\/\/concepcion.de\/index.php\/wp-json\/wp\/v2\/types\/product"}],"wp:featuredmedia":[{"embeddable":true,"href":"https:\/\/concepcion.de\/index.php\/wp-json\/wp\/v2\/media\/10931"}],"wp:attachment":[{"href":"https:\/\/concepcion.de\/index.php\/wp-json\/wp\/v2\/media?parent=10930"}],"wp:term":[{"taxonomy":"product_brand","embeddable":true,"href":"https:\/\/concepcion.de\/index.php\/wp-json\/wp\/v2\/product_brand?post=10930"},{"taxonomy":"product_cat","embeddable":true,"href":"https:\/\/concepcion.de\/index.php\/wp-json\/wp\/v2\/product_cat?post=10930"},{"taxonomy":"product_tag","embeddable":true,"href":"https:\/\/concepcion.de\/index.php\/wp-json\/wp\/v2\/product_tag?post=10930"}],"curies":[{"name":"wp","href":"https:\/\/api.w.org\/{rel}","templated":true}]}}

<p>Schon ihr ganzes Leben lang wohnt Renate auf dem Schwarzwaldhof ihrer Vorfahren und genießt die Nähe zu ihrer Tochter Annette mit Familie im eigenen Heim gegenüber.<br />
Wenn da nur nicht der griesgrämige Nachbar wäre, der ihnen das Leben immer wieder schwer macht! Und ausgerechnet in seinem Garten geigt jemand eine Melodie, die außer Renate und Annette eigentlich niemand kennen kann.<br />
Als kurz darauf in Omas Geige eine rätselhafte Botschaft entdeckt wird, bahnt sich die Enthüllung eines streng gehüteten Geheimnisses aus der Vergangenheit an. Und auf einmal bekommt der von Oma 1945 gestickte Bibelvers in der kleinen Bauernstube eine ungeahnte Bedeutung für die Familie. Doch wird die Wahrheit jemals ans Licht kommen?</p>
<p>Warmherzige Geschichte einer liebenswerten Familie im Schwarzwald.</p>

<p><em><strong>Rezension zum Buch:</strong></em><br />
<strong> ★★★★★<br />
5 von 5 Sternen </strong><br />
<em>von Dorothee:</em><br />
Ich muss gestehen, ich konnte mit Lesen fast nicht mehr aufhören, und so oft kamen mir auch ein paar Tränen! 😭<br />
In so vielem habe ich genau meine Mama gehört. Also ich muss sagen, das Buch ist Elke Ottensmann wirklich gelungen!! ⭐️<br />
Ich finde, sie hat alles so wunderbar vereint bekommen. Es ist für jeden was dabei! Von der Jugendsprache  (die ich auch zum Glück von meiner Tochter Vanessa kenne), über die Arbeit und das Leben auf dem Bauernhof bis zum Evangelium, das durch die ganze Geschichte miteinbezogen wird! Die Autorin bringt es so natürlich und doch in so einfacher verständlicher Weise immer wieder im Buch vor! Das ist so wertvoll!<br />
Also ich bin wirklich begeistert!! 👍👍</p>
<p><strong> ★★★★★<br />
5 von 5 Sternen &#8211; ein absolut lesenswertes und wertvolles Buch</strong><br />
<em>von Eva-Maria Aepfler:</em><br />
Elke Ottensmann nimmt den Leser mit in das Leben auf dem Schwarzwaldhof. Von der ersten Seite an, taucht man in das Leben dort mit ein und wird fast ein Teil davon.<br />
Sehr anschaulich, mit viel Liebe zum Detail, nimmt die Autorin den Leser mit in den Alltag der Familie. Von Anfang an entsteht die Spannung um das Familiengeheimnis.Trotzdem wird ein starker Spannungsbogen aufgebaut. Ich konnte mit Lesen zwischendurch nicht aufhören. Dabei ist die ganze Geschichte wunderbar lebensnah und real. Immer wieder fließen Teile ein, die zeigen wie viel besser das Leben zu meistern ist, wenn man sich auf Jesus verlässt. Immer wieder gibt es Situationen, in denen sich die meisten Menschen ärgern würden oder sauer reagieren und am liebsten mit gleicher Münze heimzahlen würden. Elke Ottensmann verweist dabei aber immer wieder auf Jesus und die Bibel und lässt die entsprechenden Bibelstellen in einem sehr natürlichen Gespräch einfließen.<br />
Die ganze Geschichte, die eine doch sehr überraschende Auflösung findet, ist äußerst feinfühlig mit richtig guten Lebenstipps gespickt, ohne im Geringsten religiös-besserwisserisch zu wirken.<br />
Ein absolut empfehlenswertes Buch, das man auch vor dem Schlafen noch gut lesen kann, da es einem jede Menge gute Gedanken mit in den Schlaf gibt.</p>
