{"id":10566,"date":"2025-07-22T14:04:22","date_gmt":"2025-07-22T14:04:22","guid":{"rendered":"https:\/\/concepcion.de\/?post_type=product&#038;p=10566"},"modified":"2025-07-23T11:13:41","modified_gmt":"2025-07-23T11:13:41","slug":"am-ende-der-welt","status":"publish","type":"product","link":"https:\/\/concepcion.de\/index.php\/produkt\/am-ende-der-welt\/","title":{"rendered":"Am Ende der Welt"},"content":{"rendered":"<p>Die Altmark ist der n\u00f6rdliche Teil von Sachsen-Anhalt. Zwischen Stendal und Gardelegen liegt der Ort Uchtspringe. Von da aus f\u00fchrt ein 3 km langer Waldweg zum Wilhelmshof. Seit 1909 befindet sich dort das \u201eKurhaus Wilhelmshof\u201c \u2013 gegr\u00fcndet als \u201eHeilst\u00e4tte f\u00fcr Trinker\u201c. Daraus wurde das \u201eDiakoniewerk Wilhelmshof e. V.\u201c. <\/p>\n<p>Nach 1945 fanden dort Menschen mit einer geistigen und oft auch k\u00f6rperlichen Behinderung Aufnahme. Diese Arbeit besteht bis heute. 1970 \u00fcbernahm die AGAS die Einrichtung. <\/p>\n<p>Das Ehepaar Fischer wurde damit beauftragt, die urspr\u00fcngliche Arbeit wieder aufzunehmen. <\/p>\n<p>In diesem Buch wird ihr spannendes Leben \u201eam Ende der Welt\u201c beschrieben. In der DDR-Zeit erlebten sie oft wunderbare F\u00fchrungen und F\u00fcgungen Gottes. Das Wichtigste waren die Menschen, die hier ein neues Leben beginnen konnten \u2013 f\u00fcr manche f\u00fchrte gerade der Glaube, die Verbindung zu Gott, zu einer Lebenswende.<\/p>\n","protected":false},"excerpt":{"rendered":"<p>Die Altmark ist der n\u00f6rdliche Teil von Sachsen-Anhalt. Zwischen Stendal und Gardelegen liegt der Ort Uchtspringe. Von da aus f\u00fchrt ein 3 km langer Waldweg zum Wilhelmshof. Seit 1909 befindet sich dort das \u201eKurhaus Wilhelmshof\u201c \u2013 gegr\u00fcndet als \u201eHeilst\u00e4tte f\u00fcr Trinker\u201c. Daraus wurde das \u201eDiakoniewerk Wilhelmshof e. V.\u201c. Nach 1945 fanden dort Menschen mit einer geistigen und oft auch k\u00f6rperlichen Behinderung Aufnahme. Diese Arbeit besteht bis heute. 1970 \u00fcbernahm die AGAS die Einrichtung. Das Ehepaar Fischer wurde damit beauftragt, die urspr\u00fcngliche Arbeit wieder aufzunehmen. In diesem Buch wird ihr spannendes Leben \u201eam Ende der Welt\u201c beschrieben. In der DDR-Zeit erlebten sie oft wunderbare F\u00fchrungen und F\u00fcgungen Gottes. Das Wichtigste waren die Menschen, die hier ein neues Leben beginnen konnten \u2013 f\u00fcr manche f\u00fchrte gerade der Glaube, die Verbindung zu Gott, zu einer Lebenswende.<\/p>\n","protected":false},"featured_media":10567,"template":"","meta":[],"product_brand":[],"product_cat":[42,15],"product_tag":[],"class_list":{"0":"post-10566","1":"product","2":"type-product","3":"status-publish","4":"has-post-thumbnail","6":"product_cat-allgemeines","7":"product_cat-concepcion-seidel-ohg","8":"product_shipping_class-buecher-bis-2kg","10":"first","11":"instock","12":"shipping-taxable","13":"purchasable","14":"product-type-simple"},"acf":[],"_links":{"self":[{"href":"https:\/\/concepcion.de\/index.php\/wp-json\/wp\/v2\/product\/10566","targetHints":{"allow":["GET"]}}],"collection":[{"href":"https:\/\/concepcion.de\/index.php\/wp-json\/wp\/v2\/product"}],"about":[{"href":"https:\/\/concepcion.de\/index.php\/wp-json\/wp\/v2\/types\/product"}],"wp:featuredmedia":[{"embeddable":true,"href":"https:\/\/concepcion.de\/index.php\/wp-json\/wp\/v2\/media\/10567"}],"wp:attachment":[{"href":"https:\/\/concepcion.de\/index.php\/wp-json\/wp\/v2\/media?parent=10566"}],"wp:term":[{"taxonomy":"product_brand","embeddable":true,"href":"https:\/\/concepcion.de\/index.php\/wp-json\/wp\/v2\/product_brand?post=10566"},{"taxonomy":"product_cat","embeddable":true,"href":"https:\/\/concepcion.de\/index.php\/wp-json\/wp\/v2\/product_cat?post=10566"},{"taxonomy":"product_tag","embeddable":true,"href":"https:\/\/concepcion.de\/index.php\/wp-json\/wp\/v2\/product_tag?post=10566"}],"curies":[{"name":"wp","href":"https:\/\/api.w.org\/{rel}","templated":true}]}}