{"id":10137,"date":"2025-02-08T19:43:52","date_gmt":"2025-02-08T19:43:52","guid":{"rendered":"https:\/\/concepcion.de\/?post_type=product&#038;p=10137"},"modified":"2025-03-19T16:51:32","modified_gmt":"2025-03-19T16:51:32","slug":"moehren-mit-senf","status":"publish","type":"product","link":"https:\/\/concepcion.de\/index.php\/produkt\/moehren-mit-senf\/","title":{"rendered":"M\u00f6hren mit Senf"},"content":{"rendered":"<p>Mit ihrem sch\u00fcchternen Wesen f\u00fchrt sie ein Bilderbuchleben: verheiratet, Mutter von zwei Kindern, beruflich erfolgreich. Immer tritt sie hinter allem zur\u00fcck. Erst als Krankheit und Tod in diese Welt r\u00fccken, verliert sie den Boden unter den F\u00fc\u00dfen und kann nicht mehr essen. Sie rutscht ab in die Magersucht. Alles, was bisher wichtig war, verliert an Bedeutung und es beginnt eine Suche nach der Antwort auf die Frage: \u201eWarum?&#8220;<\/p>\n","protected":false},"excerpt":{"rendered":"<p>Mit ihrem sch\u00fcchternen Wesen f\u00fchrt sie ein Bilderbuchleben: verheiratet, Mutter von zwei Kindern, beruflich erfolgreich. Immer tritt sie hinter allem zur\u00fcck. Erst als Krankheit und Tod in diese Welt r\u00fccken, verliert sie den Boden unter den F\u00fc\u00dfen und kann nicht mehr essen. Sie rutscht ab in die Magersucht. Alles, was bisher wichtig war, verliert an Bedeutung und es beginnt eine Suche nach der Antwort auf die Frage: \u201eWarum?&#8220;<\/p>\n","protected":false},"featured_media":6341,"template":"","meta":[],"product_brand":[],"product_cat":[15,25],"product_tag":[],"class_list":{"0":"post-10137","1":"product","2":"type-product","3":"status-publish","4":"has-post-thumbnail","6":"product_cat-concepcion-seidel-ohg","7":"product_cat-individuelles-geschichte-und-gegenwart","8":"product_shipping_class-buecher-bis-2kg","10":"first","11":"instock","12":"shipping-taxable","13":"purchasable","14":"product-type-simple"},"acf":[],"_links":{"self":[{"href":"https:\/\/concepcion.de\/index.php\/wp-json\/wp\/v2\/product\/10137","targetHints":{"allow":["GET"]}}],"collection":[{"href":"https:\/\/concepcion.de\/index.php\/wp-json\/wp\/v2\/product"}],"about":[{"href":"https:\/\/concepcion.de\/index.php\/wp-json\/wp\/v2\/types\/product"}],"wp:featuredmedia":[{"embeddable":true,"href":"https:\/\/concepcion.de\/index.php\/wp-json\/wp\/v2\/media\/6341"}],"wp:attachment":[{"href":"https:\/\/concepcion.de\/index.php\/wp-json\/wp\/v2\/media?parent=10137"}],"wp:term":[{"taxonomy":"product_brand","embeddable":true,"href":"https:\/\/concepcion.de\/index.php\/wp-json\/wp\/v2\/product_brand?post=10137"},{"taxonomy":"product_cat","embeddable":true,"href":"https:\/\/concepcion.de\/index.php\/wp-json\/wp\/v2\/product_cat?post=10137"},{"taxonomy":"product_tag","embeddable":true,"href":"https:\/\/concepcion.de\/index.php\/wp-json\/wp\/v2\/product_tag?post=10137"}],"curies":[{"name":"wp","href":"https:\/\/api.w.org\/{rel}","templated":true}]}}

Möhren mit Senf

<p>Mit ihrem schüchternen Wesen führt sie ein Bilderbuchleben: verheiratet, Mutter von zwei Kindern, beruflich erfolgreich. Immer tritt sie hinter allem zurück. Erst als Krankheit und Tod in diese Welt rücken, verliert sie den Boden unter den Füßen und kann nicht mehr essen. Sie rutscht ab in die Magersucht. Alles, was bisher wichtig war, verliert an Bedeutung und es beginnt eine Suche nach der Antwort auf die Frage: „Warum?&#8220;</p>
