{"id":10093,"date":"2025-02-08T19:43:40","date_gmt":"2025-02-08T19:43:40","guid":{"rendered":"https:\/\/concepcion.de\/?post_type=product&#038;p=10093"},"modified":"2025-03-19T16:51:11","modified_gmt":"2025-03-19T16:51:11","slug":"wie-ein-schleichendes-gift","status":"publish","type":"product","link":"https:\/\/concepcion.de\/index.php\/produkt\/wie-ein-schleichendes-gift\/","title":{"rendered":"Wie ein schleichendes Gift"},"content":{"rendered":"<p>Nicole und Thomas Giehbeler k\u00f6nnten so gl\u00fccklich sein, w\u00fcrde nicht T\u00f6chterchen Luisa in der Sonntagsschule gemobbt! Sachlich und konsequent kl\u00e4rt Thomas die Fronten, nachdem der schwerbehinderte Max zur L\u00f6sung des Problems beitragen konnte.<\/p>\n<p>Als w\u00e4re das nur eine \u00dcbung gewesen, richten sich kurze Zeit sp\u00e4ter \u00fcble Ger\u00fcchte gegen Felix. Nicole meint den Beweis f\u00fcr deren Wahrheit zu finden und leidet mehr und mehr im Konflikt zwischen der Liebe zu ihrem Sohn Felix und dessen Neigung zu seinem Freund. Als sie bereit ist, ihre zwecklosen Sorgen an Jesus abzugeben, wird offenbar, welche romantische L\u00f6sung Gott inzwischen vorbereitet hat.<\/p>\n<p><em>Ein emotionsgeladener Beziehungsroman als Fortsetzung von Eine Veeh-Harfe zum Verlieben immer wieder unterlegt durch ein paar Takte Musik auf der Veeh-Harfe oder gesungen vom attraktiven Felix.<\/em><\/p>\n","protected":false},"excerpt":{"rendered":"<p>Nicole und Thomas Giehbeler k\u00f6nnten so gl\u00fccklich sein, w\u00fcrde nicht T\u00f6chterchen Luisa in der Sonntagsschule gemobbt! Sachlich und konsequent kl\u00e4rt Thomas die Fronten, nachdem der schwerbehinderte Max zur L\u00f6sung des Problems beitragen konnte. Als w\u00e4re das nur eine \u00dcbung gewesen, richten sich kurze Zeit sp\u00e4ter \u00fcble Ger\u00fcchte gegen Felix. Nicole meint den Beweis f\u00fcr deren Wahrheit zu finden und leidet mehr und mehr im Konflikt zwischen der Liebe zu ihrem Sohn Felix und dessen Neigung zu seinem Freund. Als sie bereit ist, ihre zwecklosen Sorgen an Jesus abzugeben, wird offenbar, welche romantische L\u00f6sung Gott inzwischen vorbereitet hat. Ein emotionsgeladener Beziehungsroman als Fortsetzung von Eine Veeh-Harfe zum Verlieben immer wieder unterlegt durch ein paar Takte Musik auf der Veeh-Harfe oder gesungen vom attraktiven Felix.<\/p>\n","protected":false},"featured_media":6337,"template":"","meta":[],"product_brand":[],"product_cat":[42,15],"product_tag":[],"class_list":{"0":"post-10093","1":"product","2":"type-product","3":"status-publish","4":"has-post-thumbnail","6":"product_cat-allgemeines","7":"product_cat-concepcion-seidel-ohg","8":"product_shipping_class-buecher-bis-2kg","10":"first","11":"instock","12":"shipping-taxable","13":"purchasable","14":"product-type-simple"},"acf":[],"_links":{"self":[{"href":"https:\/\/concepcion.de\/index.php\/wp-json\/wp\/v2\/product\/10093","targetHints":{"allow":["GET"]}}],"collection":[{"href":"https:\/\/concepcion.de\/index.php\/wp-json\/wp\/v2\/product"}],"about":[{"href":"https:\/\/concepcion.de\/index.php\/wp-json\/wp\/v2\/types\/product"}],"wp:featuredmedia":[{"embeddable":true,"href":"https:\/\/concepcion.de\/index.php\/wp-json\/wp\/v2\/media\/6337"}],"wp:attachment":[{"href":"https:\/\/concepcion.de\/index.php\/wp-json\/wp\/v2\/media?parent=10093"}],"wp:term":[{"taxonomy":"product_brand","embeddable":true,"href":"https:\/\/concepcion.de\/index.php\/wp-json\/wp\/v2\/product_brand?post=10093"},{"taxonomy":"product_cat","embeddable":true,"href":"https:\/\/concepcion.de\/index.php\/wp-json\/wp\/v2\/product_cat?post=10093"},{"taxonomy":"product_tag","embeddable":true,"href":"https:\/\/concepcion.de\/index.php\/wp-json\/wp\/v2\/product_tag?post=10093"}],"curies":[{"name":"wp","href":"https:\/\/api.w.org\/{rel}","templated":true}]}}