{"id":2094,"date":"2023-10-21T16:20:14","date_gmt":"2023-10-21T16:20:14","guid":{"rendered":"https:\/\/entwurf.concepcion.de\/?page_id=2094"},"modified":"2026-03-05T11:37:41","modified_gmt":"2026-03-05T11:37:41","slug":"startseite","status":"publish","type":"page","link":"https:\/\/concepcion.de\/","title":{"rendered":"Willkommen bei concepcion SEIDEL OHG"},"content":{"rendered":"\t\t<div data-elementor-type=\"wp-page\" data-elementor-id=\"2094\" class=\"elementor elementor-2094\" data-elementor-post-type=\"page\">\n\t\t\t\t\t\t<section class=\"elementor-section elementor-top-section elementor-element elementor-element-a277ff6 elementor-section-boxed elementor-section-height-default elementor-section-height-default\" data-id=\"a277ff6\" data-element_type=\"section\">\n\t\t\t\t\t\t<div class=\"elementor-container elementor-column-gap-default\">\n\t\t\t\t\t<div class=\"elementor-column elementor-col-100 elementor-top-column elementor-element elementor-element-2b3ab2a\" data-id=\"2b3ab2a\" data-element_type=\"column\">\n\t\t\t<div class=\"elementor-widget-wrap elementor-element-populated\">\n\t\t\t\t\t\t<div class=\"elementor-element elementor-element-efa0030 elementor-widget elementor-widget-text-editor\" data-id=\"efa0030\" data-element_type=\"widget\" data-widget_type=\"text-editor.default\">\n\t\t\t\t<div class=\"elementor-widget-container\">\n\t\t\t\t\t\t\t\t\t<p>Unmittelbar nach der politischen Wende in der DDR gr\u00fcndete Frieder Seidel zun\u00e4chst als Einzelkaufmann die Firma als christliche Versandbuchhandlung. Der rasante gesellschaftliche Wandel in Ostdeutschland f\u00fchrte zu raschen Erweiterungen. \u00dcber Schulbuchhandel, Schul- und Objektausstattungen und nahezu ungebremstes Wachstum kam es schlie\u00dflich zu ver\u00e4nderten Inhalten \u2013 und mit Einstieg der Ehefrau Carmen Seidel zu einer ge\u00e4nderten Struktur als concepcion SEIDEL OHG.<\/p><p><span style=\"color: var( --e-global-color-text );font-family: var( --e-global-typography-text-font-family ), Sans-serif;font-weight: var( --e-global-typography-text-font-weight );letter-spacing: 0px\"><strong>Concepcion<\/strong> (spanisch \u201eEmpf\u00e4ngnis\u201c) pr\u00e4gt unser Firmenprofil, so dass vom empfangenden Gedanken bis zum vollendeten Produkt unserer Leistungen beschrieben sind:<\/span><\/p><ul><li>Herstellung und Vertrieb von Produkten des Verlagswesens und des Buchhandels<\/li><li>Projektierung und Realisierung von Objektausstattungen<\/li><\/ul>\t\t\t\t\t\t\t\t<\/div>\n\t\t\t\t<\/div>\n\t\t\t\t<div class=\"elementor-element elementor-element-6fbb1f0 elementor-widget elementor-widget-text-editor\" data-id=\"6fbb1f0\" data-element_type=\"widget\" data-widget_type=\"text-editor.default\">\n\t\t\t\t<div class=\"elementor-widget-container\">\n\t\t\t\t\t\t\t\t\t<p>Mit eigener Druckerei und dazugeh\u00f6rigem Satzstudio beginnen wir mit Texten, die zu B\u00fcchern werden, und bieten dar\u00fcber hinaus weitere Druck-Dienstleistungen.<\/p><p>Unser Verlagswesen ist urspr\u00fcnglich von christlicher Pr\u00e4gung. Dazu geh\u00f6rt auch das Tochterunternehmen jOTA Publikationen GmbH als theologischer Fachverlag.<\/p>\t\t\t\t\t\t\t\t<\/div>\n\t\t\t\t<\/div>\n\t\t\t\t\t<\/div>\n\t\t<\/div>\n\t\t\t\t\t<\/div>\n\t\t<\/section>\n\t\t\t\t<section class=\"elementor-section elementor-top-section elementor-element elementor-element-686f78f0 elementor-section-boxed elementor-section-height-default elementor-section-height-default\" data-id=\"686f78f0\" data-element_type=\"section\" data-settings=\"{&quot;background_background&quot;:&quot;classic&quot;}\">\n\t\t\t\t\t\t<div class=\"elementor-container elementor-column-gap-default\">\n\t\t\t\t\t<div class=\"elementor-column elementor-col-50 elementor-top-column elementor-element elementor-element-275e1f1a\" data-id=\"275e1f1a\" data-element_type=\"column\">\n\t\t\t<div class=\"elementor-widget-wrap elementor-element-populated\">\n\t\t\t\t\t\t<div class=\"elementor-element elementor-element-37bbc198 elementor-widget__width-initial elementor-widget elementor-widget-text-editor\" data-id=\"37bbc198\" data-element_type=\"widget\" data-widget_type=\"text-editor.default\">\n\t\t\t\t<div class=\"elementor-widget-container\">\n\t\t\t\t\t\t\t\t\t<p>Parallel dazu haben wir ein gro\u00dfes Sortiment an regionaler Literatur entwickelt und herausgegeben und mit \u00dcbernahme bestehender Verlage quantitativ ausgebaut.<\/p><p>Mit Schreibwaren- und B\u00fcrobedarf, Bedarf f\u00fcr den Schulanfang und Post-Agenturen sind wir in unserem Stammhaus in Hammerbr\u00fccke und in unseren Filialen breit aufgestellt.<\/p><p>Folgerichtig \u2013 an unserem Namen orientiert \u2013 sind wir nah an unseren Kunden geblieben und haben unseren Aktionsradius erweitert \u2013 mit Objekteinrichtungen, auch f\u00fcr Industrie und gesellschaftliche Tr\u00e4ger.<\/p><p>Mit der \u00dcbernahme eines M\u00f6belwerkes und Fortf\u00fchrung desselben als Hammerbr\u00fccker Objektm\u00f6bel GmbH im Jahr 2010, das mittlerweile unser Sohn f\u00fchrt, wurde unser Profil nahezu vollendet.<\/p><p>Wir sind gern f\u00fcr Sie da \u2013 sprechen Sie uns an<\/p><p>Frieder und Carmen Seidel<\/p><p><!-- \/wp:heading --><\/p>\t\t\t\t\t\t\t\t<\/div>\n\t\t\t\t<\/div>\n\t\t\t\t\t<\/div>\n\t\t<\/div>\n\t\t\t\t<div class=\"elementor-column elementor-col-50 elementor-top-column elementor-element elementor-element-af2f782\" data-id=\"af2f782\" data-element_type=\"column\">\n\t\t\t<div class=\"elementor-widget-wrap elementor-element-populated\">\n\t\t\t\t\t\t<div class=\"elementor-element elementor-element-5743c59 elementor-widget__width-initial e-transform elementor-widget elementor-widget-image\" data-id=\"5743c59\" data-element_type=\"widget\" data-settings=\"{&quot;_transform_translateX_effect&quot;:{&quot;unit&quot;:&quot;px&quot;,&quot;size&quot;:&quot;29&quot;,&quot;sizes&quot;:[]},&quot;_transform_translateY_effect&quot;:{&quot;unit&quot;:&quot;px&quot;,&quot;size&quot;:&quot;0&quot;,&quot;sizes&quot;:[]},&quot;_transform_translateX_effect_tablet&quot;:{&quot;unit&quot;:&quot;px&quot;,&quot;size&quot;:&quot;&quot;,&quot;sizes&quot;:[]},&quot;_transform_translateX_effect_mobile&quot;:{&quot;unit&quot;:&quot;px&quot;,&quot;size&quot;:&quot;&quot;,&quot;sizes&quot;:[]},&quot;_transform_translateY_effect_tablet&quot;:{&quot;unit&quot;:&quot;px&quot;,&quot;size&quot;:&quot;&quot;,&quot;sizes&quot;:[]},&quot;_transform_translateY_effect_mobile&quot;:{&quot;unit&quot;:&quot;px&quot;,&quot;size&quot;:&quot;&quot;,&quot;sizes&quot;:[]}}\" data-widget_type=\"image.default\">\n\t\t\t\t<div class=\"elementor-widget-container\">\n\t\t\t\t\t\t\t\t\t\t\t\t\t\t\t<img fetchpriority=\"high\" decoding=\"async\" width=\"830\" height=\"1024\" src=\"https:\/\/concepcion.de\/wp-content\/uploads\/2024\/09\/FS-4-830x1024.jpg\" class=\"attachment-large size-large wp-image-6160\" alt=\"\" srcset=\"https:\/\/concepcion.de\/wp-content\/uploads\/2024\/09\/FS-4-830x1024.jpg 830w, https:\/\/concepcion.de\/wp-content\/uploads\/2024\/09\/FS-4-243x300.jpg 243w, https:\/\/concepcion.de\/wp-content\/uploads\/2024\/09\/FS-4-768x947.jpg 768w, https:\/\/concepcion.de\/wp-content\/uploads\/2024\/09\/FS-4-1245x1536.jpg 1245w, https:\/\/concepcion.de\/wp-content\/uploads\/2024\/09\/FS-4-1661x2048.jpg 1661w, https:\/\/concepcion.de\/wp-content\/uploads\/2024\/09\/FS-4-1600x1973.jpg 1600w, https:\/\/concepcion.de\/wp-content\/uploads\/2024\/09\/FS-4-200x247.jpg 200w\" sizes=\"(max-width: 830px) 100vw, 830px\" \/>\t\t\t\t\t\t\t\t\t\t\t\t\t\t\t<\/div>\n\t\t\t\t<\/div>\n\t\t\t\t\t<\/div>\n\t\t<\/div>\n\t\t\t\t\t<\/div>\n\t\t<\/section>\n\t\t\t\t<section class=\"elementor-section elementor-top-section elementor-element elementor-element-b9f2df4 elementor-section-boxed elementor-section-height-default elementor-section-height-default\" data-id=\"b9f2df4\" data-element_type=\"section\">\n\t\t\t\t\t\t<div class=\"elementor-container elementor-column-gap-default\">\n\t\t\t\t\t<div class=\"elementor-column elementor-col-100 elementor-top-column elementor-element elementor-element-e00b846\" data-id=\"e00b846\" data-element_type=\"column\">\n\t\t\t<div class=\"elementor-widget-wrap elementor-element-populated\">\n\t\t\t\t\t\t<div class=\"elementor-element elementor-element-be08c9a elementor-widget__width-inherit elementor-hidden-tablet elementor-hidden-mobile elementor-widget elementor-widget-image\" data-id=\"be08c9a\" data-element_type=\"widget\" data-widget_type=\"image.default\">\n\t\t\t\t<div class=\"elementor-widget-container\">\n\t\t\t\t\t\t\t\t\t\t\t\t\t\t\t<img decoding=\"async\" width=\"900\" height=\"140\" src=\"https:\/\/concepcion.de\/wp-content\/uploads\/2025\/02\/banner4.png\" class=\"attachment-full size-full wp-image-7133\" alt=\"\" srcset=\"https:\/\/concepcion.de\/wp-content\/uploads\/2025\/02\/banner4.png 900w, https:\/\/concepcion.de\/wp-content\/uploads\/2025\/02\/banner4-300x47.png 300w, https:\/\/concepcion.de\/wp-content\/uploads\/2025\/02\/banner4-768x119.png 768w, https:\/\/concepcion.de\/wp-content\/uploads\/2025\/02\/banner4-200x31.png 200w\" sizes=\"(max-width: 900px) 100vw, 900px\" \/>\t\t\t\t\t\t\t\t\t\t\t\t\t\t\t<\/div>\n\t\t\t\t<\/div>\n\t\t\t\t\t<\/div>\n\t\t<\/div>\n\t\t\t\t\t<\/div>\n\t\t<\/section>\n\t\t\t\t<section class=\"elementor-section elementor-top-section elementor-element elementor-element-40a6b08 elementor-section-boxed elementor-section-height-default elementor-section-height-default\" data-id=\"40a6b08\" data-element_type=\"section\">\n\t\t\t\t\t\t<div class=\"elementor-container elementor-column-gap-default\">\n\t\t\t\t\t<div class=\"elementor-column elementor-col-100 elementor-top-column elementor-element elementor-element-6a7f886\" data-id=\"6a7f886\" data-element_type=\"column\">\n\t\t\t<div class=\"elementor-widget-wrap elementor-element-populated\">\n\t\t\t\t\t\t<div class=\"elementor-element elementor-element-4989790 elementor-widget elementor-widget-heading\" data-id=\"4989790\" data-element_type=\"widget\" data-widget_type=\"heading.default\">\n\t\t\t\t<div class=\"elementor-widget-container\">\n\t\t\t\t\t<h2 class=\"elementor-heading-title elementor-size-default\"><a href=\"https:\/\/concepcion.de\/index.php\/shop\/\">Unsere aktuellen Neuheiten im Onlineshop!<\/a><\/h2>\t\t\t\t<\/div>\n\t\t\t\t<\/div>\n\t\t\t\t<div class=\"elementor-element elementor-element-d36418a elementor-product-loop-item--align-center elementor-grid-4 elementor-grid-tablet-3 elementor-grid-mobile-2 elementor-products-grid elementor-wc-products elementor-show-pagination-border-yes elementor-widget elementor-widget-woocommerce-products\" data-id=\"d36418a\" data-element_type=\"widget\" data-widget_type=\"woocommerce-products.default\">\n\t\t\t\t<div class=\"elementor-widget-container\">\n\t\t\t\t\t<div class=\"woocommerce columns-4 \"><div class=\"woocommerce-notices-wrapper\"><\/div><ul class=\"products elementor-grid columns-4\">\n<li class=\"product type-product post-11150 status-publish first instock product_cat-concepcion-seidel-ohg product_cat-individuelles-geschichte-und-gegenwart has-post-thumbnail shipping-taxable purchasable product-type-simple\">\n\t<a href=\"https:\/\/concepcion.de\/index.php\/produkt\/brief-an-gott\/\" class=\"woocommerce-LoopProduct-link woocommerce-loop-product__link\"><img decoding=\"async\" width=\"1410\" height=\"2250\" src=\"https:\/\/concepcion.de\/wp-content\/uploads\/2026\/02\/644294.jpg\" class=\"attachment-woocommerce_thumbnail size-woocommerce_thumbnail\" alt=\"Brief an Gott\" srcset=\"https:\/\/concepcion.de\/wp-content\/uploads\/2026\/02\/644294.jpg 1410w, https:\/\/concepcion.de\/wp-content\/uploads\/2026\/02\/644294-188x300.jpg 188w, https:\/\/concepcion.de\/wp-content\/uploads\/2026\/02\/644294-642x1024.jpg 642w, https:\/\/concepcion.de\/wp-content\/uploads\/2026\/02\/644294-768x1226.jpg 768w, https:\/\/concepcion.de\/wp-content\/uploads\/2026\/02\/644294-963x1536.jpg 963w, https:\/\/concepcion.de\/wp-content\/uploads\/2026\/02\/644294-1283x2048.jpg 1283w, https:\/\/concepcion.de\/wp-content\/uploads\/2026\/02\/644294-200x319.jpg 200w\" sizes=\"(max-width: 1410px) 100vw, 1410px\" \/><h2 class=\"woocommerce-loop-product__title\">Brief an Gott<\/h2>\n\t<span class=\"price\"><span class=\"woocommerce-Price-amount amount\"><bdi>11,95&nbsp;<span class=\"woocommerce-Price-currencySymbol\">&euro;<\/span><\/bdi><\/span><\/span>\n<\/a><a href=\"\/index.php\/wp-json\/wp\/v2\/pages\/2094?add-to-cart=11150\" aria-describedby=\"woocommerce_loop_add_to_cart_link_describedby_11150\" data-quantity=\"1\" class=\"button product_type_simple add_to_cart_button ajax_add_to_cart\" data-product_id=\"11150\" data-product_sku=\"644294\" aria-label=\"In den Warenkorb legen: \u201eBrief an Gott\u201c\" rel=\"nofollow\" data-success_message=\"\u201eBrief an Gott\u201c wurde deinem Warenkorb hinzugef\u00fcgt\" role=\"button\">In den Warenkorb<\/a>\t<span id=\"woocommerce_loop_add_to_cart_link_describedby_11150\" class=\"screen-reader-text\">\n\t\t\t<\/span>\n<\/li>\n<li class=\"product type-product post-11209 status-publish instock product_cat-allgemeines product_cat-concepcion-seidel-ohg has-post-thumbnail shipping-taxable purchasable product-type-simple\">\n\t<a href=\"https:\/\/concepcion.de\/index.php\/produkt\/wohl-denen-die\/\" class=\"woocommerce-LoopProduct-link woocommerce-loop-product__link\"><img loading=\"lazy\" decoding=\"async\" width=\"1410\" height=\"2250\" src=\"https:\/\/concepcion.de\/wp-content\/uploads\/2026\/03\/644299.jpg\" class=\"attachment-woocommerce_thumbnail size-woocommerce_thumbnail\" alt=\"Wohl denen, die ...\" srcset=\"https:\/\/concepcion.de\/wp-content\/uploads\/2026\/03\/644299.jpg 1410w, https:\/\/concepcion.de\/wp-content\/uploads\/2026\/03\/644299-188x300.jpg 188w, https:\/\/concepcion.de\/wp-content\/uploads\/2026\/03\/644299-642x1024.jpg 642w, https:\/\/concepcion.de\/wp-content\/uploads\/2026\/03\/644299-768x1226.jpg 768w, https:\/\/concepcion.de\/wp-content\/uploads\/2026\/03\/644299-963x1536.jpg 963w, https:\/\/concepcion.de\/wp-content\/uploads\/2026\/03\/644299-1283x2048.jpg 1283w, https:\/\/concepcion.de\/wp-content\/uploads\/2026\/03\/644299-200x319.jpg 200w\" sizes=\"(max-width: 1410px) 100vw, 1410px\" \/><h2 class=\"woocommerce-loop-product__title\">Wohl denen, die &#8230;<\/h2>\n\t<span class=\"price\"><span class=\"woocommerce-Price-amount amount\"><bdi>19,95&nbsp;<span class=\"woocommerce-Price-currencySymbol\">&euro;<\/span><\/bdi><\/span><\/span>\n<\/a><a href=\"\/index.php\/wp-json\/wp\/v2\/pages\/2094?add-to-cart=11209\" aria-describedby=\"woocommerce_loop_add_to_cart_link_describedby_11209\" data-quantity=\"1\" class=\"button product_type_simple add_to_cart_button ajax_add_to_cart\" data-product_id=\"11209\" data-product_sku=\"644299\" aria-label=\"In den Warenkorb legen: \u201eWohl denen, die ...\u201c\" rel=\"nofollow\" data-success_message=\"\u201eWohl denen, die ...\u201c wurde deinem Warenkorb hinzugef\u00fcgt\" role=\"button\">In den Warenkorb<\/a>\t<span id=\"woocommerce_loop_add_to_cart_link_describedby_11209\" class=\"screen-reader-text\">\n\t\t\t<\/span>\n<\/li>\n<li class=\"product type-product post-11246 status-publish instock product_cat-concepcion-seidel-ohg product_cat-einherzfuersvogtland has-post-thumbnail shipping-taxable product-type-grouped\">\n\t<a href=\"https:\/\/concepcion.de\/index.php\/produkt\/vogtland-trucker-cap\/\" class=\"woocommerce-LoopProduct-link woocommerce-loop-product__link\"><img loading=\"lazy\" decoding=\"async\" width=\"2560\" height=\"2560\" src=\"https:\/\/concepcion.de\/wp-content\/uploads\/2026\/03\/BC_beide-1-scaled.jpg\" class=\"attachment-woocommerce_thumbnail size-woocommerce_thumbnail\" alt=\"Vogtland Trucker Cap\" srcset=\"https:\/\/concepcion.de\/wp-content\/uploads\/2026\/03\/BC_beide-1-scaled.jpg 2560w, https:\/\/concepcion.de\/wp-content\/uploads\/2026\/03\/BC_beide-1-300x300.jpg 300w, https:\/\/concepcion.de\/wp-content\/uploads\/2026\/03\/BC_beide-1-1024x1024.jpg 1024w, https:\/\/concepcion.de\/wp-content\/uploads\/2026\/03\/BC_beide-1-150x150.jpg 150w, https:\/\/concepcion.de\/wp-content\/uploads\/2026\/03\/BC_beide-1-768x768.jpg 768w, https:\/\/concepcion.de\/wp-content\/uploads\/2026\/03\/BC_beide-1-1536x1536.jpg 1536w, https:\/\/concepcion.de\/wp-content\/uploads\/2026\/03\/BC_beide-1-2048x2048.jpg 2048w, https:\/\/concepcion.de\/wp-content\/uploads\/2026\/03\/BC_beide-1-1600x1599.jpg 1600w, https:\/\/concepcion.de\/wp-content\/uploads\/2026\/03\/BC_beide-1-75x75.jpg 75w, https:\/\/concepcion.de\/wp-content\/uploads\/2026\/03\/BC_beide-1-200x200.jpg 200w, https:\/\/concepcion.de\/wp-content\/uploads\/2026\/03\/BC_beide-1-100x100.jpg 100w\" sizes=\"(max-width: 2560px) 100vw, 2560px\" \/><h2 class=\"woocommerce-loop-product__title\">Vogtland Trucker Cap<\/h2>\n\t<span class=\"price\"><span class=\"woocommerce-Price-amount amount\"><bdi>19,90&nbsp;<span class=\"woocommerce-Price-currencySymbol\">&euro;<\/span><\/bdi><\/span><\/span>\n<\/a><a href=\"https:\/\/concepcion.de\/index.php\/produkt\/vogtland-trucker-cap\/\" aria-describedby=\"woocommerce_loop_add_to_cart_link_describedby_11246\" data-quantity=\"1\" class=\"button product_type_grouped\" data-product_id=\"11246\" data-product_sku=\"VoCa\" aria-label=\"Zeige Produkte in der \u201eVogtland Trucker Cap\u201c Gruppe\" rel=\"nofollow\">Produkte anzeigen<\/a>\t<span id=\"woocommerce_loop_add_to_cart_link_describedby_11246\" class=\"screen-reader-text\">\n\t\t\t<\/span>\n<\/li>\n<li class=\"product type-product post-11138 status-publish last instock product_cat-concepcion-seidel-ohg product_cat-kinderundjuegendliteratur has-post-thumbnail shipping-taxable purchasable product-type-simple\">\n\t<a href=\"https:\/\/concepcion.de\/index.php\/produkt\/bobo-sagt-sorry\/\" class=\"woocommerce-LoopProduct-link woocommerce-loop-product__link\"><img loading=\"lazy\" decoding=\"async\" width=\"1410\" height=\"1597\" src=\"https:\/\/concepcion.de\/wp-content\/uploads\/2026\/01\/644292.jpg\" class=\"attachment-woocommerce_thumbnail size-woocommerce_thumbnail\" alt=\"Bobo sagt Sorry\" srcset=\"https:\/\/concepcion.de\/wp-content\/uploads\/2026\/01\/644292.jpg 1410w, https:\/\/concepcion.de\/wp-content\/uploads\/2026\/01\/644292-265x300.jpg 265w, https:\/\/concepcion.de\/wp-content\/uploads\/2026\/01\/644292-904x1024.jpg 904w, https:\/\/concepcion.de\/wp-content\/uploads\/2026\/01\/644292-768x870.jpg 768w, https:\/\/concepcion.de\/wp-content\/uploads\/2026\/01\/644292-1356x1536.jpg 1356w, https:\/\/concepcion.de\/wp-content\/uploads\/2026\/01\/644292-200x227.jpg 200w\" sizes=\"(max-width: 1410px) 100vw, 1410px\" \/><h2 class=\"woocommerce-loop-product__title\">Bobo sagt Sorry<\/h2>\n\t<span class=\"price\"><span class=\"woocommerce-Price-amount amount\"><bdi>12,95&nbsp;<span class=\"woocommerce-Price-currencySymbol\">&euro;<\/span><\/bdi><\/span><\/span>\n<\/a><a href=\"\/index.php\/wp-json\/wp\/v2\/pages\/2094?add-to-cart=11138\" aria-describedby=\"woocommerce_loop_add_to_cart_link_describedby_11138\" data-quantity=\"1\" class=\"button product_type_simple add_to_cart_button ajax_add_to_cart\" data-product_id=\"11138\" data-product_sku=\"644292\" aria-label=\"In den Warenkorb legen: \u201eBobo sagt Sorry\u201c\" rel=\"nofollow\" data-success_message=\"\u201eBobo sagt Sorry\u201c wurde deinem Warenkorb hinzugef\u00fcgt\" role=\"button\">In den Warenkorb<\/a>\t<span id=\"woocommerce_loop_add_to_cart_link_describedby_11138\" class=\"screen-reader-text\">\n\t\t\t<\/span>\n<\/li>\n<\/ul>\n<\/div>\t\t\t\t<\/div>\n\t\t\t\t<\/div>\n\t\t\t\t\t<\/div>\n\t\t<\/div>\n\t\t\t\t\t<\/div>\n\t\t<\/section>\n\t\t\t\t<\/div>\n\t\t","protected":false},"excerpt":{"rendered":"<p>Unmittelbar nach der politischen Wende in der DDR gr\u00fcndete Frieder Seidel zun\u00e4chst als Einzelkaufmann die Firma als christliche Versandbuchhandlung. Der rasante gesellschaftliche Wandel in Ostdeutschland f\u00fchrte zu raschen Erweiterungen. \u00dcber Schulbuchhandel, Schul- und Objektausstattungen und nahezu ungebremstes Wachstum kam es schlie\u00dflich zu ver\u00e4nderten Inhalten \u2013 und mit Einstieg der Ehefrau Carmen Seidel zu einer ge\u00e4nderten Struktur als concepcion SEIDEL OHG. Concepcion (spanisch \u201eEmpf\u00e4ngnis\u201c) pr\u00e4gt unser Firmenprofil, so dass vom empfangenden Gedanken bis zum vollendeten Produkt unserer Leistungen beschrieben sind: Herstellung und Vertrieb von Produkten des Verlagswesens und des Buchhandels Projektierung und Realisierung von Objektausstattungen Mit eigener Druckerei und dazugeh\u00f6rigem Satzstudio beginnen wir mit Texten, die zu B\u00fcchern werden, und bieten dar\u00fcber hinaus weitere Druck-Dienstleistungen. Unser Verlagswesen ist urspr\u00fcnglich von christlicher Pr\u00e4gung. Dazu geh\u00f6rt auch das Tochterunternehmen jOTA Publikationen GmbH als theologischer Fachverlag. Parallel dazu haben wir ein gro\u00dfes Sortiment an regionaler Literatur entwickelt und herausgegeben und mit \u00dcbernahme bestehender Verlage quantitativ ausgebaut. Mit Schreibwaren- und B\u00fcrobedarf, Bedarf f\u00fcr den Schulanfang und Post-Agenturen sind wir in unserem Stammhaus in Hammerbr\u00fccke und in unseren Filialen breit aufgestellt. Folgerichtig \u2013 an unserem Namen orientiert \u2013 sind wir nah an unseren Kunden geblieben und haben unseren Aktionsradius erweitert \u2013 mit Objekteinrichtungen, auch f\u00fcr Industrie und gesellschaftliche Tr\u00e4ger. Mit der \u00dcbernahme eines M\u00f6belwerkes und Fortf\u00fchrung desselben als Hammerbr\u00fccker Objektm\u00f6bel GmbH im Jahr 2010, das mittlerweile unser Sohn f\u00fchrt, wurde unser Profil nahezu vollendet. Wir sind gern f\u00fcr Sie da \u2013 sprechen Sie uns an Frieder und Carmen Seidel Unsere aktuellen Neuheiten im Onlineshop!<\/p>\n","protected":false},"author":1,"featured_media":0,"parent":0,"menu_order":0,"comment_status":"closed","ping_status":"closed","template":"","meta":{"footnotes":""},"class_list":["post-2094","page","type-page","status-publish","hentry"],"acf":[],"_links":{"self":[{"href":"https:\/\/concepcion.de\/index.php\/wp-json\/wp\/v2\/pages\/2094","targetHints":{"allow":["GET"]}}],"collection":[{"href":"https:\/\/concepcion.de\/index.php\/wp-json\/wp\/v2\/pages"}],"about":[{"href":"https:\/\/concepcion.de\/index.php\/wp-json\/wp\/v2\/types\/page"}],"author":[{"embeddable":true,"href":"https:\/\/concepcion.de\/index.php\/wp-json\/wp\/v2\/users\/1"}],"replies":[{"embeddable":true,"href":"https:\/\/concepcion.de\/index.php\/wp-json\/wp\/v2\/comments?post=2094"}],"version-history":[{"count":90,"href":"https:\/\/concepcion.de\/index.php\/wp-json\/wp\/v2\/pages\/2094\/revisions"}],"predecessor-version":[{"id":11205,"href":"https:\/\/concepcion.de\/index.php\/wp-json\/wp\/v2\/pages\/2094\/revisions\/11205"}],"wp:attachment":[{"href":"https:\/\/concepcion.de\/index.php\/wp-json\/wp\/v2\/media?parent=2094"}],"curies":[{"name":"wp","href":"https:\/\/api.w.org\/{rel}","templated":true}]}}